 base 13, what is 2 - -b9b7?
b9b9
In base 5, what is 123321 - 232?
123034
In base 7, what is 5 + -11544?
-11536
In base 2, what is -111100101 - -10000101?
-101100000
In base 11, what is -53 - 1990?
-1a33
In base 4, what is -102210313101 - -10?
-102210313031
In base 9, what is 3351 + 264?
3625
In base 5, what is -112414 - -221?
-112143
In base 10, what is -18007 - -1?
-18006
In base 2, what is -101010010 + 1000010?
-100010000
In base 12, what is 1 - 392b1?
-392b0
In base 10, what is -689062 - -5?
-689057
In base 15, what is -6936 + 21?
-6915
In base 10, what is -154877 + 1?
-154876
In base 10, what is -5 + -631174?
-631179
In base 16, what is -3 - -2031?
202e
In base 2, what is -10000010101 + -101000110?
-10101011011
In base 8, what is 6000352 + 5?
6000357
In base 16, what is -1 + c3a?
c39
In base 8, what is 256 + -44?
212
In base 6, what is 31133350 + -11?
31133335
In base 8, what is 103 + -763?
-660
In base 10, what is 173342 - -4?
173346
In base 7, what is 1031214 - 1?
1031213
In base 10, what is -29678 + 4?
-29674
In base 15, what is -95b60 - 5?
-95b65
In base 7, what is 32 - 220143?
-220111
In base 12, what is -173aba + -1?
-173abb
In base 13, what is 194 + -132?
62
In base 5, what is 23 + -1211?
-1133
In base 13, what is 2 - 1099?
-1097
In base 9, what is -2 - -6435?
6433
In base 16, what is 34d - 49?
304
In base 13, what is -a0a0 - -10?
-a090
In base 4, what is 13 - -1032101?
1032120
In base 5, what is 1223311413 - -1?
1223311414
In base 16, what is -53ca + 3?
-53c7
In base 9, what is 11172085 + 0?
11172085
In base 11, what is 1556 + 21?
1577
In base 5, what is -403424314 + 0?
-403424314
In base 14, what is -2d6d4 + -3?
-2d6d7
In base 16, what is -1 + e219d?
e219c
In base 3, what is 100200010201020 - 1?
100200010201012
In base 7, what is -21 + -204034?
-204055
In base 10, what is 321452 - 0?
321452
In base 8, what is -561202 + 5?
-561175
In base 10, what is -164831 + -1?
-164832
In base 16, what is 12175 - -7?
1217c
In base 15, what is -171 + 11e?
-52
In base 4, what is 1103133 + -1332?
1101201
In base 16, what is 1 + 4d55?
4d56
In base 3, what is -10 + -200210111?
-200210121
In base 6, what is -12 - 2130545?
-2131001
In base 5, what is -3021142 + 42?
-3021100
In base 15, what is -c - 2037?
-2044
In base 7, what is 12 - -505?
520
In base 14, what is -5 + 125ab?
125a6
In base 7, what is -2013 - 6?
-2022
In base 3, what is -121 + -102100102?
-102101000
In base 3, what is 1022011 + -220012?
101222
In base 15, what is -1d - -1667a?
1665c
In base 5, what is -101 - -2222?
2121
In base 5, what is -40 - -41200?
41110
In base 8, what is -4426 + 7?
-4417
In base 16, what is 5 + e010?
e015
In base 2, what is -10 + -1100011110111?
-1100011111001
In base 7, what is 4500051 + 0?
4500051
In base 13, what is 16 - -31836?
3184c
In base 2, what is 0 - -11001010100000?
11001010100000
In base 13, what is 1b - 9306a?
-9304c
In base 4, what is -3212201232 - 23?
-3212201321
In base 13, what is -1381 + -24?
-13a5
In base 11, what is -84 - -634?
560
In base 14, what is -a96d0 + -1?
-a96d1
In base 4, what is 2000313 - -3?
2000322
In base 14, what is 6a7 + 8?
6b1
In base 15, what is 2 + -18b1b?
-18b19
In base 4, what is 2123312 - -2332?
2132310
In base 12, what is -198 + -368b?
-3867
In base 4, what is -322 + 201133?
200211
In base 12, what is -30723 + -a?
-30731
In base 5, what is 103211 + -3?
103203
In base 10, what is -3 + 9227?
9224
In base 3, what is 10 + 122221201?
122221211
In base 7, what is -11161 - -232?
-10626
In base 10, what is -493 - 76?
-569
In base 6, what is 32 + 2140152?
2140224
In base 8, what is 1317 + 2305?
3624
In base 10, what is 5927 - 262?
5665
In base 4, what is -133001 - 21?
-133022
In base 12, what is 1 + 23852?
23853
In base 4, what is 1013 - 2012001?
-2010322
In base 11, what is -6856aa - 0?
-6856aa
In base 8, what is 141152 - -2?
141154
In base 15, what is 5 + b87ce?
b87d4
In base 12, what is 1604b + 0?
1604b
In base 16, what is -23 - -56b?
548
In base 10, what is 17202 + 53?
17255
In base 6, what is 3301 + 41?
3342
In base 12, what is -1643 - 73b?
-2182
In base 15, what is -450c - 18?
-4525
In base 9, what is 288 + 131?
430
In base 2, what is 110010100111001 - -1010?
110010101000011
In base 10, what is -72759 + -11?
-72770
In base 10, what is 4 + -143068?
-143064
In base 14, what is -54bb - -3?
-54b8
In base 11, what is -154a7 + -1?
-154a8
In base 10, what is -6 + 864557?
864551
In base 16, what is e - -7d6?
7e4
In base 7, what is 35512 + -1?
35511
In base 10, what is -718 + -3656?
-4374
In base 9, what is -122500 + 1?
-122488
In base 6, what is 35453023 - 3?
35453020
In base 15, what is 14 - -7ad8?
7aec
In base 2, what is -110 + -1010001100000?
-1010001100110
In base 12, what is -761 - 2a7?
-a48
In base 12, what is 0 + -1a39?
-1a39
In base 15, what is 1a55c + 2?
1a55e
In base 5, what is 4400 + -123?
4222
In base 12, what is -3 - 1655b?
-16562
In base 9, what is 15 + 5573?
5588
In base 14, what is -4 - -3cb4?
3cb0
In base 8, what is -1443 - 2615?
-4260
In base 9, what is 2255 - 408?
1746
In base 5, what is -24 + 201033?
201004
In base 5, what is -22044 - -121?
-21423
In base 16, what is -15 + 12140?
1212b
In base 14, what is -1c8 - 32?
-21a
In base 9, what is 151 - 101?
50
In base 14, what is -666 + 2b?
-639
In base 10, what is 14691 + 129?
14820
In base 11, what is -2 + -55968?
-5596a
In base 3, what is -10100102 + 101?
-10100001
In base 4, what is -1101 + 310?
-131
In base 12, what is 6 + -644?
-63a
In base 6, what is 52115 + 10?
52125
In base 4, what is 1022222 + 21?
1022303
In base 7, what is 404 + -34?
340
In base 11, what is 0 + 90a958?
90a958
In base 8, what is -105200 + -5?
-105205
In base 7, what is -134 - -4041?
3604
In base 16, what is 90a3 + -6?
909d
In base 10, what is -151397 - -6?
-151391
In base 8, what is -2702346 + 5?
-2702341
In base 11, what is 2536784 + -4?
2536780
In base 4, what is 2120121 - -11?
2120132
In base 12, what is -6 - -6051?
6047
In base 8, what is 61461 + 11?
61472
In base 7, what is 0 - -43301?
43301
In base 11, what is 1574 - 120?
1454
In base 2, what is -11111010011 + 1000?
-11111001011
In base 13, what is 18 - -117b?
1196
In base 14, what is -75 - 1218?
-128d
In base 14, what is 88728 + 4?
8872c
In base 11, what is 2 + 97479?
97480
In base 10, what is -205978 + 3?
-205975
In base 4, what is 2 - 31302333?
-31302331
In base 9, what is -322325 + 4?
-322321
In base 7, what is 156623 + -5?
156615
In base 5, what is 1344 - -4243?
11142
In base 6, what is -30255 + 15?
-30240
In base 2, what is 11000111111001100 + 10010?
11000111111011110
In base 7, what is -106 - 11016?
-11125
In base 10, what is -3 + -17457?
-17460
In base 8, what is -53235 + -24?
-53261
In base 16, what is -251 + -29?
-27a
In base 16, what is -2128a - -3?
-21287
In base 3, what is -12220010 - 101?
-12220111
In base 10, what is 9351 - 71?
9280
In base 3, what is 2 + 1020200221?
1020201000
In base 6, what is -304 - 301?
-1005
In base 9, what is 73025 - -5?
73031
In base 16, what is -30a4ea + 5?
-30a4e5
In base 7, what is -201311 + 2?
-201306
In base 2, what is -10100111 - -11010111?
110000
In base 12, what is 4 - -726b0?
726b4
In base 15, what is -3eea1 + -2?
-3eea3
In base 7, what is -53542 - -131?
-53411
In base 9, what is 0 - 254107?
-254107
In base 11, what is -23 - -2105?
2092
In base 4, what is -1031331001 - 2?
-1031331003
In base 11, what is -285411 - 0?
-285411
In base 9, what is -1602 + 3354?
1652
In base 2, what is -101010110000100 + -1001?
-101010110001101
In base 13, what is -494 + -14b?
-612
In base 11, what is -4806 + 0?
-4806
In base 10, what is 10547 + -140?
10407
In base 4, what is -111023 - 133?
-111222
In base 8, what is -37071 - 5?
-37076
In base 12, what is -307a - 93?
-3151
In base 8, what is 1170426 - -4?
1170432
In base 10, what is 4751 + 6?
4757
In base 10, what is 4 - -15736?
15740
In base 11, what is 83 - 14102?
-1402a
In base 11, what is -99883 - -7?
-99877
In base 11, what is -a - -9284?
9275
In base 10, what is 17154 + -356?
16798
In base 9, what is 1261 - -1?
1262
In base 5, what is -3342331 + -2?
-3342333
In base 16, what is 8567 - -1?
8568
In base 14, what is -11cbb - 1?
-11cbc
In base 15, what is -2a5b - d9?
-2b45
In base 4, what is 101310 + 120?
102030
In base 4, what is 1 - 12030202?
-12030201
